0001000
In base 13, what is 134 + 50159?
50290
In base 7, what is -62464 - 601?
-63365
In base 6, what is -11241132353 + -5?
-11241132402
In base 3, what is -120011 - -1012021220?
1011201202
In base 3, what is 12 + -211210120?
-211210101
In base 9, what is -23767 - 35354?
-60232
In base 8, what is -2 - -226051261?
226051257
In base 5, what is -4 + -41130214120?
-41130214124
In base 2, what is -10000011100101011 - -10110001?
-10000011001111010
In base 13, what is 13197257 + 1?
13197258
In base 7, what is -105551 + -5416?
-114300
In base 6, what is -13432230 + 1122?
-13431104
In base 15, what is 349e1 + be?
34ab0
In base 4, what is 12 - -1203302003?
1203302021
In base 8, what is 1026046 + 3?
1026051
In base 16, what is 600e9a4 - -7?
600e9ab
In base 16, what is -726 + 9f5?
2cf
In base 13, what is -6 + -45b515c?
-45b5165
In base 15, what is 4 - 522bc7?
-522bc3
In base 15, what is 59b4 + -796?
521d
In base 13, what is -206b - -47501?
45463
In base 9, what is -2 + -1013514875?
-1013514877
In base 16, what is 2cca969 + 5?
2cca96e
In base 7, what is -1520636 + 2606?
-1515030
In base 5, what is -12320 - -33103?
20233
In base 14, what is 3 + 1dd9ac1a?
1dd9ac1d
In base 4, what is -331 - -1120201332?
1120201001
In base 7, what is -2 - 23431330?
-23431332
In base 4, what is 2022 + -32103002011?
-32102333323
In base 15, what is -218ad15 - 0?
-218ad15
In base 7, what is 564422 + 160?
564612
In base 11, what is -4347 + -6a91?
-10328
In base 13, what is a84a5 - 634?
a7b71
In base 11, what is -74610 + 1a?
-745a1
In base 8, what is -47062134 - 5?
-47062141
In base 10, what is 100902 - 1340?
99562
In base 16, what is a - -131dceb?
131dcf5
In base 3, what is 212022022012 + 2100?
212022101112
In base 8, what is 710 - 11451?
-10541
In base 9, what is -38107 - -18067?
-20030
In base 11, what is -9309 - -2908?
-6501
In base 10, what is -1013 + -371?
-1384
In base 8, what is -57477024 + -3?
-57477027
In base 4, what is 1 + 2132033222031?
2132033222032
In base 3, what is 11 + -1110201011111012?
-1110201011111001
In base 6, what is 2144210245 + -2?
2144210243
In base 10, what is 2614620 - -9?
2614629
In base 11, what is -11384 - 53?
-11427
In base 5, what is -10444 - -141211?
130212
In base 2, what is -1100010000110011100010 + 11000?
-1100010000110011001010
In base 15, what is -152b93 - -3?
-152b90
In base 6, what is 1401253 + -51531?
1305322
In base 9, what is -12380 + -118533?
-132023
In base 8, what is -24 - 103745771?
-103746015
In base 15, what is -21b - 208a8?
-20ac4
In base 5, what is 23124 - -204303?
232432
In base 4, what is -1310 - 30123033323?
-30123101233
In base 13, what is -21 - -2c5603?
2c55b2
In base 4, what is 3332132 - -31303?
10030101
In base 2, what is -1000 + -10000101010100111011?
-10000101010101000011
In base 10, what is -3 - -63394154?
63394151
In base 7, what is 340430 - -155?
340615
In base 7, what is 416261610 + -35?
416261542
In base 2, what is 111100111 + -10110100101110?
-10101101000111
In base 5, what is -30044 + -13044?
-43143
In base 15, what is -39807 + 9?
-397ed
In base 5, what is -10 + 312133343431?
312133343421
In base 2, what is 1001 + -1101000101110001001111?
-1101000101110001000110
In base 8, what is -7 - 3607046?
-3607055
In base 2, what is 1101111010000001010 + -1100?
1101111001111111110
In base 5, what is 2000411 + 120144?
2121110
In base 14, what is 10 - 141906?
-1418d6
In base 9, what is -303474140 + -5?
-303474145
In base 16, what is -1a2d - -9bd4?
81a7
In base 14, what is -3 + 6d7329?
6d7326
In base 7, what is -4 + 126551152?
126551145
In base 2, what is -1110111 - 11111101100111011001?
-11111101101001010000
In base 11, what is 5778 + 18a?
5957
In base 15, what is 2 - -2d97c65?
2d97c67
In base 5, what is 401432 - 1002?
400430
In base 8, what is 7226 + -2141?
5065
In base 10, what is -1395125 - 148?
-1395273
In base 9, what is 61 - -351721?
351782
In base 13, what is -12019 + -1891?
-138aa
In base 4, what is -23 + -1121121022?
-1121121111
In base 7, what is -14 + -250216152?
-250216166
In base 2, what is 0 - 1100001100101010101?
-1100001100101010101
In base 10, what is 15699122 - -21?
15699143
In base 4, what is -13132320022 - 1031?
-13132321113
In base 2, what is 101101000110001011110110 + 0?
101101000110001011110110
In base 10, what is 476268 - 47?
476221
In base 7, what is 11 - 611523024?
-611523013
In base 3, what is 12 - -10210101120012200?
10210101120012212
In base 16, what is 1c814ed - 4?
1c814e9
In base 5, what is -114 - 411130313?
-411130432
In base 11, what is -3239 + 614?
-2725
In base 12, what is 3147 - 1a?
3129
In base 14, what is 20ac + -4da7?
-2cd9
In base 4, what is -120321221311 - 303?
-120321222220
In base 3, what is -102211021 + 10020012000?
2210100202
In base 16, what is -d4 + c0f?
b3b
In base 13, what is 0 + -14b7a17?
-14b7a17
In base 11, what is -1 - 6951a506?
-6951a507
In base 13, what is 11 - -885cb3?
885cc4
In base 4, what is -310032 - -1032?
-303000
In base 2, what is -111011101010110010100001 + 0?
-111011101010110010100001
In base 8, what is -141 - -40346361?
40346220
In base 16, what is 236 + -17b16?
-178e0
In base 13, what is 1b92a9 - -3?
1b92ac
In base 16, what is 1a - -6f42?
6f5c
In base 6, what is -1 + -22431333440?
-22431333441
In base 13, what is -3 - 8838b?
-88391
In base 14, what is 1db - -12136?
12333
In base 4, what is -201332 - 110113?
-312111
In base 6, what is -24331 - 35145?
-103520
In base 16, what is -19 + 494732?
494719
In base 10, what is -5 + 18361872?
18361867
In base 8, what is 3 - -2534107?
2534112
In base 13, what is -83a1356 + 14?
-83a1342
In base 10, what is 0 - 2635346?
-2635346
In base 11, what is -8 - -203498?
203490
In base 12, what is 87 - -7b341?
7b408
In base 7, what is -15 - -2642243?
2642225
In base 16, what is e + 11b9a0b?
11b9a19
In base 3, what is -2201 + -2221211010221?
-2221211020122
In base 16, what is 82472 + 81?
824f3
In base 10, what is -40 + 2377923?
2377883
In base 14, what is -5a7 - 37975?
-3813c
In base 8, what is 140473 + -32725?
105546
In base 7, what is -63346232 - -6?
-63346223
In base 14, what is -a65a - b9c?
-b418
In base 9, what is 2 - 85577535?
-85577533
In base 4, what is 1003223103012 + -103?
1003223102303
In base 8, what is -13 + -10467055?
-10467070
In base 8, what is -142110 - 4025?
-146135
In base 2, what is 1111100000111001100011111 - -100?
1111100000111001100100011
In base 13, what is -4569 - 5b90?
-a429
In base 9, what is 57343 + 265?
57618
In base 2, what is -10011 + 100011100110111000?
100011100110100101
In base 14, what is -2537c - 208?
-25586
In base 10, what is 3911869 - 1?
3911868
In base 10, what is -3 - -2847866?
2847863
In base 10, what is -1872 + -5448?
-7320
In base 2, what is 101001000100000101100111 + 10?
101001000100000101101001
In base 10, what is -1080 + -281655?
-282735
In base 10, what is -3 + -7616211?
-7616214
In base 3, what is 12 - -100222011210210?
100222011210222
In base 2, what is -100111111111 - -111010110111101110?
111010001111101111
In base 9, what is 22652801 + 6?
22652807
In base 3, what is 111222221 - -2000022?
121000020
In base 7, what is -653 + 236036?
235053
In base 6, what is -5211 - -520525?
511314
In base 12, what is -4 + -1b992b2?
-1b992b6
In base 10, what is -4520 + 137?
-4383
In base 6, what is 352530022 - 30?
352525552
In base 3, what is 1 - 202100221001?
-202100221000
In base 14, what is -aa4c49 + 7?
-aa4c42
In base 4, what is 11011 + -1332030131?
-1332013120
In base 8, what is -7427 - 2514?
-12143
In base 3, what is 2222101202 + -2112?
2222022020
In base 16, what is -17 - -103d5?
103be
In base 13, what is -3 - 2704583?
-2704586
In base 4, what is -22201332 - 113001?
-22320333
In base 16, what is -81a9c - 1a?
-81ab6
In base 7, what is -1135356150 + -2?
-1135356152
In base 9, what is -14 - 2774612?
-2774626
In base 2, what is -10 - 11000111010100100100010011?
-11000111010100100100010101
In base 8, what is -104163 + -247?
-104432
In base 13, what is -1 - b43c85c?
-b43c860
In base 11, what is 20 + -6a51654?
-6a51634
In base 16, what is 3 - 2e499dc?
-2e499d9
In base 8, what is 224051 - 136?
223713
In base 8, what is 204 + 613374?
613600
In base 10, what is 27139833 - -34?
27139867
In base 9, what is -7 - 3665384?
-3665402
In base 11, what is -126 - -1a9971?
1a9846
In base 8, what is 2 - -40122